[INFO] cloning repository https://github.com/teddy-otieno/HTTP-Server-Rust
[INFO] running `Command { std: "git" "-c" "credential.helper=" "-c" "credential.helper=/workspace/cargo-home/bin/git-credential-null" "clone" "--bare" "https://github.com/teddy-otieno/HTTP-Server-Rust" "/workspace/cache/git-repos/https%3A%2F%2Fgithub.com%2Fteddy-otieno%2FHTTP-Server-Rust", kill_on_drop: false }`
[INFO] [stderr] Cloning into bare repository '/workspace/cache/git-repos/https%3A%2F%2Fgithub.com%2Fteddy-otieno%2FHTTP-Server-Rust'...
[INFO] running `Command { std: "git" "rev-parse" "HEAD", kill_on_drop: false }`
[INFO] [stdout] d053e39187cc6ffab2985fdb2b3c57275b1e04b7
[INFO] checking teddy-otieno/HTTP-Server-Rust against master#cfbc6d4cf1acbac5c025acf8ed68929caa551df3 for pr-75494-beta
[INFO] running `Command { std: "git" "clone" "/workspace/cache/git-repos/https%3A%2F%2Fgithub.com%2Fteddy-otieno%2FHTTP-Server-Rust" "/workspace/builds/worker-1/source", kill_on_drop: false }`
[INFO] [stderr] Cloning into '/workspace/builds/worker-1/source'...
[INFO] [stderr] done.
[INFO] validating manifest of git repo https://github.com/teddy-otieno/HTTP-Server-Rust on toolchain cfbc6d4cf1acbac5c025acf8ed68929caa551df3
[INFO] running `Command { std: "/workspace/cargo-home/bin/cargo" "+cfbc6d4cf1acbac5c025acf8ed68929caa551df3" "read-manifest" "--manifest-path" "Cargo.toml", kill_on_drop: false }`
[INFO] started tweaking git repo https://github.com/teddy-otieno/HTTP-Server-Rust
[INFO] finished tweaking git repo https://github.com/teddy-otieno/HTTP-Server-Rust
[INFO] tweaked toml for git repo https://github.com/teddy-otieno/HTTP-Server-Rust written to /workspace/builds/worker-1/source/Cargo.toml
[INFO] crate git repo https://github.com/teddy-otieno/HTTP-Server-Rust already has a lockfile, it will not be regenerated
[INFO] running `Command { std: "/workspace/cargo-home/bin/cargo" "+cfbc6d4cf1acbac5c025acf8ed68929caa551df3" "fetch" "--locked" "--manifest-path" "Cargo.toml", kill_on_drop: false }`
[INFO] [stderr]     Updating crates.io index
[INFO] [stderr] error: the lock file /workspace/builds/worker-1/source/Cargo.lock needs to be updated but --locked was passed to prevent this
[INFO] [stderr] If you want to try to generate the lock file without accessing the network, use the --offline flag.
[INFO] the lockfile is outdated, regenerating it
[INFO] running `Command { std: "/workspace/cargo-home/bin/cargo" "+cfbc6d4cf1acbac5c025acf8ed68929caa551df3" "generate-lockfile" "--manifest-path" "Cargo.toml" "-Zno-index-update", kill_on_drop: false }`
[INFO] running `Command { std: "/workspace/cargo-home/bin/cargo" "+cfbc6d4cf1acbac5c025acf8ed68929caa551df3" "fetch" "--locked" "--manifest-path" "Cargo.toml", kill_on_drop: false }`
[INFO] [stderr]  Downloading crates ...
[INFO] [stderr]   Downloaded thread-pool v0.1.1
[INFO] [stderr]   Downloaded two-lock-queue v0.1.1
[INFO] running `Command { std: "docker" "create" "-v" "/var/lib/crater-agent-workspace/builds/worker-1/target:/opt/rustwide/target:rw,Z" "-v" "/var/lib/crater-agent-workspace/builds/worker-1/source:/opt/rustwide/workdir:ro,Z" "-v" "/var/lib/crater-agent-workspace/cargo-home:/opt/rustwide/cargo-home:ro,Z" "-v" "/var/lib/crater-agent-workspace/rustup-home:/opt/rustwide/rustup-home:ro,Z" "-e" "SOURCE_DIR=/opt/rustwide/workdir" "-e" "CARGO_TARGET_DIR=/opt/rustwide/target" "-e" "CARGO_HOME=/opt/rustwide/cargo-home" "-e" "RUSTUP_HOME=/opt/rustwide/rustup-home" "-w" "/opt/rustwide/workdir" "-m" "1610612736" "--user" "0:0" "--network" "none" "rustops/crates-build-env@sha256:a636fd89d022f18117e1dc8fb37a0a009933cdbbe082814857f0e2024962d47c" "/opt/rustwide/cargo-home/bin/cargo" "+cfbc6d4cf1acbac5c025acf8ed68929caa551df3" "metadata" "--no-deps" "--format-version=1", kill_on_drop: false }`
[INFO] [stdout] 218414181f729a46b7159bf422db2ef92973a7a24b4294891551f53e082afd34
[INFO] [stderr] WARNING: Your kernel does not support swap limit capabilities or the cgroup is not mounted. Memory limited without swap.
[INFO] running `Command { std: "docker" "start" "-a" "218414181f729a46b7159bf422db2ef92973a7a24b4294891551f53e082afd34", kill_on_drop: false }`
[INFO] running `Command { std: "docker" "inspect" "218414181f729a46b7159bf422db2ef92973a7a24b4294891551f53e082afd34", kill_on_drop: false }`
[INFO] running `Command { std: "docker" "rm" "-f" "218414181f729a46b7159bf422db2ef92973a7a24b4294891551f53e082afd34", kill_on_drop: false }`
[INFO] [stdout] 218414181f729a46b7159bf422db2ef92973a7a24b4294891551f53e082afd34
[INFO] running `Command { std: "docker" "create" "-v" "/var/lib/crater-agent-workspace/builds/worker-1/target:/opt/rustwide/target:rw,Z" "-v" "/var/lib/crater-agent-workspace/builds/worker-1/source:/opt/rustwide/workdir:ro,Z" "-v" "/var/lib/crater-agent-workspace/cargo-home:/opt/rustwide/cargo-home:ro,Z" "-v" "/var/lib/crater-agent-workspace/rustup-home:/opt/rustwide/rustup-home:ro,Z" "-e" "SOURCE_DIR=/opt/rustwide/workdir" "-e" "CARGO_TARGET_DIR=/opt/rustwide/target" "-e" "CARGO_INCREMENTAL=0" "-e" "RUST_BACKTRACE=full" "-e" "RUSTFLAGS=--cap-lints=forbid" "-e" "CARGO_HOME=/opt/rustwide/cargo-home" "-e" "RUSTUP_HOME=/opt/rustwide/rustup-home" "-w" "/opt/rustwide/workdir" "-m" "1610612736" "--user" "0:0" "--network" "none" "rustops/crates-build-env@sha256:a636fd89d022f18117e1dc8fb37a0a009933cdbbe082814857f0e2024962d47c" "/opt/rustwide/cargo-home/bin/cargo" "+cfbc6d4cf1acbac5c025acf8ed68929caa551df3" "check" "--frozen" "--all" "--all-targets" "--message-format=json", kill_on_drop: false }`
[INFO] [stdout] 3ac5457d46131bd241df97c75b71b6293bcfdde9ef028b7b46cfc17208fdfb4e
[INFO] [stderr] WARNING: Your kernel does not support swap limit capabilities or the cgroup is not mounted. Memory limited without swap.
[INFO] running `Command { std: "docker" "start" "-a" "3ac5457d46131bd241df97c75b71b6293bcfdde9ef028b7b46cfc17208fdfb4e", kill_on_drop: false }`
[INFO] [stderr]     Checking two-lock-queue v0.1.1
[INFO] [stderr]    Compiling num-traits v0.2.12
[INFO] [stderr]    Compiling num-integer v0.1.43
[INFO] [stderr]     Checking time v0.1.43
[INFO] [stderr]     Checking thread-pool v0.1.1
[INFO] [stderr]     Checking chrono v0.4.15
[INFO] [stderr]     Checking Krypton v0.1.0 (/opt/rustwide/workdir)
[INFO] [stdout] error[E0432]: unresolved import `router`
[INFO] [stdout]   --> src/http_manager.rs:13:5
[INFO] [stdout]    |
[INFO] [stdout] 13 | use router::Router;
[INFO] [stdout]    |     ^^^^^^ maybe a missing crate `router`?
[INFO] [stdout] 
[INFO] [stdout] 
[INFO] [stdout] error[E0432]: unresolved import `job`
[INFO] [stdout]   --> src/http_manager.rs:15:5
[INFO] [stdout]    |
[INFO] [stdout] 15 | use job::JobManager;
[INFO] [stdout]    |     ^^^ maybe a missing crate `job`?
[INFO] [stdout] 
[INFO] [stdout] 
[INFO] [stdout] error[E0433]: failed to resolve: use of undeclared type or module `router`
[INFO] [stdout]   --> src/http_manager.rs:59:39
[INFO] [stdout]    |
[INFO] [stdout] 59 |     let http_response: HttpResponse = router::process(buffer).as_bytes();
[INFO] [stdout]    |                                       ^^^^^^ use of undeclared type or module `router`
[INFO] [stdout] 
[INFO] [stdout] 
[INFO] [stdout] warning: unused doc comment
[INFO] [stdout]    --> src/http.rs:172:9
[INFO] [stdout]     |
[INFO] [stdout] 172 | /         /// Example
[INFO] [stdout] 173 | |         /// let request: HttpRequest = match HttpRequest::parse(request_string){
[INFO] [stdout] 174 | |         ///     Ok(request) => request,
[INFO] [stdout] 175 | |         ///     Err(err) => {
[INFO] [stdout] ...   |
[INFO] [stdout] 179 | |         /// Returns Result<HttpRequest, HttpError>
[INFO] [stdout] 180 | |         /// Fails and returns HttpError::BadRequest
[INFO] [stdout]     | |___________________________________________________^
[INFO] [stdout] ...
[INFO] [stdout] 194 |           let mut map: HashMap<String, String> = HashMap::new();
[INFO] [stdout]     |           ------------------------------------------------------ rustdoc does not generate documentation for statements
[INFO] [stdout]     |
[INFO] [stdout]     = note: `#[warn(unused_doc_comments)]` on by default
[INFO] [stdout] 
[INFO] [stdout] 
[INFO] [stdout] warning: unused import: `http::HttpError`
[INFO] [stdout]  --> src/tests/http_tests.rs:2:5
[INFO] [stdout]   |
[INFO] [stdout] 2 | use http::HttpError;
[INFO] [stdout]   |     ^^^^^^^^^^^^^^^
[INFO] [stdout]   |
[INFO] [stdout]   = note: `#[warn(unused_imports)]` on by default
[INFO] [stdout] 
[INFO] [stdout] 
[INFO] [stdout] warning: unused import: `std::error::Error`
[INFO] [stdout]  --> src/http_manager.rs:7:5
[INFO] [stdout]   |
[INFO] [stdout] 7 | use std::error::Error;
[INFO] [stdout]   |     ^^^^^^^^^^^^^^^^^
[INFO] [stdout] 
[INFO] [stdout] 
[INFO] [stdout] warning: unused import: `ThreadPool`
[INFO] [stdout]   --> src/http_manager.rs:11:19
[INFO] [stdout]    |
[INFO] [stdout] 11 | use thread_pool::{ThreadPool, Builder};
[INFO] [stdout]    |                   ^^^^^^^^^^
[INFO] [stdout] 
[INFO] [stdout] 
[INFO] [stdout] error[E0432]: unresolved import `router`
[INFO] [stdout]   --> src/http_manager.rs:13:5
[INFO] [stdout]    |
[INFO] [stdout] 13 | use router::Router;
[INFO] [stdout]    |     ^^^^^^ maybe a missing crate `router`?
[INFO] [stdout] 
[INFO] [stdout] 
[INFO] [stdout] error[E0432]: unresolved import `job`
[INFO] [stdout]   --> src/http_manager.rs:15:5
[INFO] [stdout]    |
[INFO] [stdout] 15 | use job::JobManager;
[INFO] [stdout]    |     ^^^ maybe a missing crate `job`?
[INFO] [stdout] 
[INFO] [stdout] 
[INFO] [stdout] error[E0433]: failed to resolve: use of undeclared type or module `router`
[INFO] [stdout]   --> src/http_manager.rs:59:39
[INFO] [stdout]    |
[INFO] [stdout] 59 |     let http_response: HttpResponse = router::process(buffer).as_bytes();
[INFO] [stdout]    |                                       ^^^^^^ use of undeclared type or module `router`
[INFO] [stdout] 
[INFO] [stdout] 
[INFO] [stdout] warning: unused doc comment
[INFO] [stdout]    --> src/http.rs:172:9
[INFO] [stdout]     |
[INFO] [stdout] 172 | /         /// Example
[INFO] [stdout] 173 | |         /// let request: HttpRequest = match HttpRequest::parse(request_string){
[INFO] [stdout] 174 | |         ///     Ok(request) => request,
[INFO] [stdout] 175 | |         ///     Err(err) => {
[INFO] [stdout] ...   |
[INFO] [stdout] 179 | |         /// Returns Result<HttpRequest, HttpError>
[INFO] [stdout] 180 | |         /// Fails and returns HttpError::BadRequest
[INFO] [stdout]     | |___________________________________________________^
[INFO] [stdout] ...
[INFO] [stdout] 194 |           let mut map: HashMap<String, String> = HashMap::new();
[INFO] [stdout]     |           ------------------------------------------------------ rustdoc does not generate documentation for statements
[INFO] [stdout]     |
[INFO] [stdout]     = note: `#[warn(unused_doc_comments)]` on by default
[INFO] [stdout] 
[INFO] [stdout] 
[INFO] [stdout] warning: unused import: `std::error::Error`
[INFO] [stdout]  --> src/http_manager.rs:7:5
[INFO] [stdout]   |
[INFO] [stdout] 7 | use std::error::Error;
[INFO] [stdout]   |     ^^^^^^^^^^^^^^^^^
[INFO] [stdout]   |
[INFO] [stdout]   = note: `#[warn(unused_imports)]` on by default
[INFO] [stdout] 
[INFO] [stdout] 
[INFO] [stdout] warning: unused import: `ThreadPool`
[INFO] [stdout]   --> src/http_manager.rs:11:19
[INFO] [stdout]    |
[INFO] [stdout] 11 | use thread_pool::{ThreadPool, Builder};
[INFO] [stdout]    |                   ^^^^^^^^^^
[INFO] [stdout] 
[INFO] [stdout] 
[INFO] [stdout] warning: use of deprecated item 'std::error::Error::description': use the Display impl or to_string()
[INFO] [stdout]   --> src/network_manager.rs:36:48
[INFO] [stdout]    |
[INFO] [stdout] 36 |                 log!(MessageType::Error, error.description());
[INFO] [stdout]    |                                                ^^^^^^^^^^^
[INFO] [stdout]    |
[INFO] [stdout]    = note: `#[warn(deprecated)]` on by default
[INFO] [stdout] 
[INFO] [stdout] 
[INFO] [stdout] warning: use of deprecated item 'std::error::Error::description': use the Display impl or to_string()
[INFO] [stdout]   --> src/network_manager.rs:36:48
[INFO] [stdout]    |
[INFO] [stdout] 36 |                 log!(MessageType::Error, error.description());
[INFO] [stdout]    |                                                ^^^^^^^^^^^
[INFO] [stdout]    |
[INFO] [stdout]    = note: `#[warn(deprecated)]` on by default
[INFO] [stdout] 
[INFO] [stdout] 
[INFO] [stdout] warning: use of deprecated item 'std::error::Error::description': use the Display impl or to_string()
[INFO] [stdout]   --> src/network_manager.rs:36:48
[INFO] [stdout]    |
[INFO] [stdout] 36 |                 log!(MessageType::Error, error.description());
[INFO] [stdout]    |                                                ^^^^^^^^^^^
[INFO] [stdout] 
[INFO] [stdout] 
[INFO] [stdout] warning: use of deprecated item 'std::error::Error::description': use the Display impl or to_string()
[INFO] [stdout]   --> src/network_manager.rs:36:48
[INFO] [stdout]    |
[INFO] [stdout] 36 |                 log!(MessageType::Error, error.description());
[INFO] [stdout]    |                                                ^^^^^^^^^^^
[INFO] [stdout] 
[INFO] [stdout] 
[INFO] [stdout] error[E0277]: expected a `std::ops::FnMut<()>` closure, found `()`
[INFO] [stdout]   --> src/http_manager.rs:78:34
[INFO] [stdout]    |
[INFO] [stdout] 78 | ...                   .build();
[INFO] [stdout]    |                        ^^^^^ expected an `FnMut<()>` closure, found `()`
[INFO] [stdout]    |
[INFO] [stdout]    = help: the trait `std::ops::FnMut<()>` is not implemented for `()`
[INFO] [stdout]    = note: wrap the `()` in a closure with no arguments: `|| { /* code */ }
[INFO] [stdout]    = note: required because of the requirements on the impl of `std::ops::FnOnce<()>` for `&mut ()`
[INFO] [stdout]    = note: required because of the requirements on the impl of `thread_pool::Task` for `&mut ()`
[INFO] [stdout] 
[INFO] [stdout] 
[INFO] [stdout] error: aborting due to 4 previous errors; 5 warnings emitted
[INFO] [stdout] 
[INFO] [stdout] 
[INFO] [stdout] Some errors have detailed explanations: E0277, E0432, E0433.
[INFO] [stdout] 
[INFO] [stdout] For more information about an error, try `rustc --explain E0277`.
[INFO] [stdout] 
[INFO] [stderr] error: could not compile `Krypton`.
[INFO] [stdout] error[E0277]: expected a `std::ops::FnMut<()>` closure, found `()`
[INFO] [stdout]   --> src/http_manager.rs:78:34
[INFO] [stdout]    |
[INFO] [stdout] 78 | ...                   .build();
[INFO] [stdout]    |                        ^^^^^ expected an `FnMut<()>` closure, found `()`
[INFO] [stdout]    |
[INFO] [stdout]    = help: the trait `std::ops::FnMut<()>` is not implemented for `()`
[INFO] [stdout]    = note: wrap the `()` in a closure with no arguments: `|| { /* code */ }
[INFO] [stdout]    = note: required because of the requirements on the impl of `std::ops::FnOnce<()>` for `&mut ()`
[INFO] [stdout]    = note: required because of the requirements on the impl of `thread_pool::Task` for `&mut ()`
[INFO] [stdout] 
[INFO] [stdout] 
[INFO] [stderr] 
[INFO] [stderr] To learn more, run the command again with --verbose.
[INFO] [stderr] warning: build failed, waiting for other jobs to finish...
[INFO] [stdout] error: aborting due to 4 previous errors; 6 warnings emitted
[INFO] [stdout] 
[INFO] [stdout] 
[INFO] [stdout] Some errors have detailed explanations: E0277, E0432, E0433.
[INFO] [stdout] 
[INFO] [stdout] For more information about an error, try `rustc --explain E0277`.
[INFO] [stdout] 
[INFO] [stderr] error: build failed
[INFO] running `Command { std: "docker" "inspect" "3ac5457d46131bd241df97c75b71b6293bcfdde9ef028b7b46cfc17208fdfb4e", kill_on_drop: false }`
[INFO] running `Command { std: "docker" "rm" "-f" "3ac5457d46131bd241df97c75b71b6293bcfdde9ef028b7b46cfc17208fdfb4e", kill_on_drop: false }`
[INFO] [stdout] 3ac5457d46131bd241df97c75b71b6293bcfdde9ef028b7b46cfc17208fdfb4e
